= -6*p. Suppose -4*d + p*o = 12*o - 156, -93 = -2*d - 5*o. What is the remainder when 99 is divided by d?
31
Suppose 0 = 23*g - 230 - 184. Suppose 3*h = -2*x + 6*h + 64, -5*x - 5*h = -135. Calculate the remainder when x is divided by g.
11
Let x = -7622 - -7923. Let t(r) = -r - 3. Calculate the remainder when x is divided by t(-7).
1
Suppose 9*s = 3 + 150. Let l be 2/9 - 34/(-9). What is the remainder when 28 is divided by (l/(-12))/((-1)/(s*3))?
11
Suppose 4*q + 2361 = 5*m, 2*m = -2*q + 1194 - 246. Calculate the remainder when m is divided by 72.
41
Let d(f) = -f**2 - 25*f - 48. Let k be d(-22). Suppose -3*i = -6*i. Suppose i = 5*u - k - 57. Calculate the remainder when u is divided by 8.
7
Suppose 0 = y - 25 + 15. Suppose 0 = -5*x + 3*x + y. Suppose -x*a - 14 = -3*f + 21, -4*a - 1 = 3*f. What is the remainder when f is divided by 3?
2
Suppose -4*n - 13 = -37. Suppose -8*s + 8 = -n*s. Suppose -s*i + 13 = c, -3*i = 2*c - 32 + 6. Calculate the remainder when 38 is divided by c.
12
Suppose -3*y + 15 = s + 2*s, -s + 2 = 0. Suppose y*h = c + 26, -2*h + 0*c + 39 = -5*c. What is the remainder when 12 is divided by h?
5
Suppose q - 38 = -3*s - 21, 0 = -2*q - 5*s + 32. Suppose -3*o + 53 = q. Calculate the remainder when 68 is divided by o.
12
Suppose -6*a + 24 = -4*a. Suppose 17*i = a*i + 505. Suppose -4 - i = -7*p. Calculate the remainder when 58 is divided by p.
13
Let i(u) = 65*u**2 + 612*u + 7. Calculate the remainder when i(-10) is divided by 33.
24
Let x(w) = w**2 - 2*w - 6 + 0*w + 4*w + 0*w. Let a = -13902 - -13935. What is the remainder when a is divided by x(-5)?
6
Let j(m) = 19*m**2 - 98*m - 72. Calculate the remainder when 4631 is divided by j(6).
23
Let l be 24/(-9)*12/(-8). Suppose -185 = -t - l*t. What is the remainder when t is divided by 795/45 + 4/3?
18
Suppose -3*d + 21 = 2*v - 2*d, 3*v = 4*d + 48. Let b(f) = -6*f + 102. What is the remainder when 102 is divided by b(v)?
12
Let x = -5090 - -5127. What is the remainder when 1846 is divided by x?
33
Let v be 3/(-12) + 0 + 315/(-84). Calculate the remainder when 74/v*1*-12 is divided by 28.
26
Let z(u) = 43*u + 559. Let i be z(-13). Suppose -3*o + 56 = 5*b, -o - 33 = -3*o + b. Let g = o + i. Calculate the remainder when g is divided by 9.
8
What is the remainder when (99170/(-20))/((-5)/10) is divided by 91?
89
Let o(c) = -27*c - 18 + 45 - 10. Let r(h) = -h**3 - h**2 + 3*h - 7. What is the remainder when r(-5) is divided by o(0)?
10
Calculate the remainder when (-2)/(12880/6454 + -2) is divided by 44.
21
Let l(h) be the first derivative of -13*h**4/4 - 2*h**3/3 - 5*h**2/2 - 8*h - 82. Calculate the remainder when l(-3) is divided by 18.
16
Let y be 7/((-21)/30)*2. Suppose -32 = -4*p + n - 5*n, -8 = 2*n. What is the remainder when (-436)/y + (8/(-10) - -1) is divided by p?
10
Suppose k + 5*g - 9 = 4, -k - 2*g = -25. Suppose -23*u - 1072 = -28*u - 2*v, 5*v - 475 = -2*u. Calculate the remainder when u is divided by k.
12
Let c(l) = -l**3 - 48*l**2 - 181*l + 30. What is the remainder when c(-44) is divided by 36?
34
Suppose -30763 = -4*p + 4*x + 549, 0 = 5*p + x - 39164. What is the remainder when p is divided by 39?
32
Let x(s) = s**3 + 15*s**2 + 11*s - 37. Let f be x(-14). What is the remainder when 206 is divided by (-30)/250*f - (-178)/5?
31
Let h(z) = -z**3 - 28*z**2 + 3*z + 88. What is the remainder when 164 is divided by h(-28)?
0
Suppose -4*y + 8 = 2*t + 2, -y = 4*t - 12. Suppose 4*u - 150 = -u + 5*v, v - 1 = y. What is the remainder when 105 is divided by u?
12
Let n(m) = -17*m - 21. Let j(s) = 8*s + 9. Let d(p) = 5*j(p) + 3*n(p). Let b(i) = i - 4. Let x be b(-4). What is the remainder when d(x) is divided by 24?
22
Let w(d) = -125*d + 1865. What is the remainder when w(14) is divided by 43?
29
Let k(m) = 4*m - 46. Let x be k(11). Let f be (-1)/((-412)/3540 - x/15). Calculate the remainder when 5/10*((0 - f) + -1) is divided by 15.
14
Let s(t) = t**3 - 81*t**2 + 160*t - 114. What is the remainder when 538 is divided by s(79)?
10
Suppose 0 = -35*k - 2*k + 814. Suppose -5*w + 228 = -w. Let r = w - 19. Calculate the remainder when r is divided by k.
16
Let k(g) = -2*g + 30. Let y be k(12). Suppose 0 = 10*r - y + 66. Calculate the remainder when 3/r*(-73 + -1) is divided by 19.
18
Let k(z) = -z**2 + 20*z - 69. Calculate the remainder when 131 is divided by k(12).
23
Suppose 9 = 3*r, 38 = 5*n + r - 25. Suppose -5*z + 302 = 32. Suppose -6 + z = 6*l. Calculate the remainder when n is divided by l.
4
Let o = -460 - -650. Let q = 219 - o. Calculate the remainder when q is divided by 19.
10
Let t(g) = -27*g**3 - 153*g**2 + 12*g + 91. Calculate the remainder when t(-6) is divided by 8.
7
Let f = 5944 + -5933. What is the remainder when 10327 is divided by f?
9
Suppose 128 + 88 = 8*x. Let r = 30 - x. Suppose -5*i + 4*b + 37 = -215, -129 = -r*i - 5*b. What is the remainder when i is divided by 10?
8
Suppose -5*t + 78 = 3. Let y(o) = -91*o - 35. Let h be y(-2). Let k = h - 45. What is the remainder when k is divided by t?
12
Let f = -80 + 275. Suppose -3*i + 2*d + 168 = -f, -i - 4*d = -121. What is the remainder when i is divided by 25?
21
Let x = -8898 + 8980. What is the remainder when 728 is divided by x?
72
Let d = -46 + 49. Let r be (3/(d/17))/(-2 + 3). Suppose r*j = 15*j + 34. Calculate the remainder when 33 is divided by j.
16
Suppose 5*u - 419 = -4*y, -289*u + 293*u + 3*y = 334. Calculate the remainder when 115 is divided by u.
36
Suppose -413 = 1019*f - 1026*f. Suppose -f*a = -50*a - 162. Calculate the remainder when ((-3)/((-3)/(-94)))/(-2) is divided by a.
11
Let v(i) = -708*i + 176. Calculate the remainder when 26397 is divided by v(0).
173
Let q(i) = i**3 - 9*i**2 - 8*i - 35. Let p be q(10). Calculate the remainder when 89 is divided by p/6 + 2 - (-286)/52.
4
Suppose -3*r = -k - 24, r - 3*k - 8 + 0 = 0. Suppose -s = 27*s - 224. Calculate the remainder when r is divided by s.
0
Let f = -946 + 1350. Let c = -367 + f. What is the remainder when 82 is divided by c?
8
Let a(f) = -f + 26. Let q be a(9). Suppose 5*v - 5*k - q = 4*v, -k = -5*v + 13. What is the remainder when 3*(56/v + (3 - 0)) is divided by 12?
9
Let y = -15 - -20. Let z(t) = 20*t + 22. Let b be z(y). Suppose -6*k + 2*k + 156 = 4*p, 0 = 3*p - 2*k - b. Calculate the remainder when p is divided by 16.
8
Suppose 443 = -663*i + 667*i - 3*s, -i + 5*s = -115. Calculate the remainder when i is divided by (-4)/((2/8)/(-1)).
14
Let o(a) = 5*a**2 - a + 1. Let y(b) = 29*b**2 - 12*b. Let n(m) = 6*o(m) - y(m). Calculate the remainder when n(-16) is divided by 13.
10
Let y be (3 + -1 - -3) + 8 + -8. Let l(o) = 3*o**2 - 10*o + 25. What is the remainder when l(y) is divided by 28?
22
Suppose 2657*l - 2786*l = -9159. What is the remainder when 20447 is divided by l?
70
Suppose 37 = t - 4*g, 2*t - 3*g = -3*t + 219. Suppose 6*m = m + 10, -4*m = 4*w - 744. Let v = w + -97. What is the remainder when v is divided by t?
42
Suppose -3*y = -21 - 90. Let d(a) = -2*a**2 + 8*a - 26. Let r be d(-11). Let n = -342 - r. What is the remainder when y is divided by n?
9
Let k(j) = -j**3 + 10*j**2 + 4*j - 2. What is the remainder when k(10) is divided by -2 - 6/3*(-4 - 4)?
10
Suppose 0*k + 5*o + 86 = 2*k, 2*o = -3*k + 110. Let v(h) = 3*h + 20. Let y be v(-7). What is the remainder when k is divided by (-6 - (-245)/28)/(y/(-4))?
5
Calculate the remainder when 430 is divided by (-3)/12 + (-15 - (-639)/12).
12
Suppose 3 - 23 = -4*f. Suppose 16*n = 13*n - 5*w + 510, 0 = -5*n - 5*w + 860. Suppose -n = -2*h - f*h. Calculate the remainder when 99 is divided by h.
24
Let x be -1 - -1 - (-12 - 78). Suppose -8*i + x = 10. What is the remainder when 19 is divided by -1 + 4 + -1 + i?
7
Suppose -242*o - 14966 + 430 = -1342*o + 8564. Suppose -z = z - 490. What is the remainder when z is divided by o?
14
Let m(v) = -12*v**3 - 22*v**2 - 27*v - 4. What is the remainder when m(-1) is divided by 4?
1
Let b = -473 + 526. Suppose 185*x = 186*x - b. Calculate the remainder when x is divided by 28.
25
Let r be 2/(-4)*(-8 - 2) - 0. Let u(l) = l**2 + l - 22. What is the remainder when 21 is divided by u(r)?
5
Suppose 0 = -6*y + 87*y - 5994. Calculate the remainder when y is divided by 29.
16
Let u(l) = 5*l - 22. Let r be u(5). What is the remainder when (2/r)/(2/477*1) is divi